False
Is 68985045947 composite?
False
Is 4435973189 a prime number?
False
Is 854396069 a composite number?
False
Is 34172497327 a composite number?
False
Is 12543465927 prime?
False
Is 935550491 a composite number?
False
Is 5829839381 a prime number?
False
Is 22415282767 a composite number?
False
Is 327330667 a prime number?
False
Is 1085338721 prime?
True
Is 105408763345 prime?
False
Is 10668276183 a composite number?
True
Is 70619203051 prime?
False
Is 9227127013 a composite number?
True
Is 3725302027 a prime number?
True
Is 3709934971 prime?
False
Is 104087437 composite?
False
Is 182116453103 prime?
False
Is 7461537649 a composite number?
False
Is 4750001693 composite?
True
Is 27562354459 prime?
True
Is 2133015205 composite?
True
Is 10357542841 a prime number?
True
Is 1907347649 prime?
True
Is 5387125477 prime?
False
Is 478971563 composite?
True
Is 115744333 a composite number?
True
Is 2555827757 composite?
True
Is 675168659 composite?
True
Is 490080937 composite?
False
Is 43114691327 a composite number?
False
Is 17012073539 a prime number?
True
Is 30211738561 a prime number?
True
Is 62273797 prime?
True
Is 2756118427 a composite number?
False
Is 167848922203 prime?
True
Is 19122557953 a prime number?
False
Is 41662697081 prime?
False
Is 4245932401 composite?
False
Is 467317517 a composite number?
False
Is 826272367 a composite number?
True
Is 94493657 prime?
True
Is 9601309261 a prime number?
False
Is 2168873383 composite?
True
Is 2192486746 a prime number?
False
Is 4678759907 composite?
True
Is 5621805719 prime?
False
Is 1566988526 prime?
False
Is 307011707 composite?
False
Is 4622806037 composite?
False
Is 41460559867 composite?
True
Is 192968372879 composite?
False
Is 1272761929 prime?
False
Is 3194957 a prime number?
False
Is 59117888591 a composite number?
True
Is 219655386557 a composite number?
False
Is 54619921 composite?
False
Is 13393733471 composite?
True
Is 28931791937 composite?
False
Is 11539948969 a prime number?
False
Is 2951785 a prime number?
False
Is 3804497231 composite?
False
Is 1208206271 prime?
False
Is 3506546273 a composite number?
True
Is 8786777647 a prime number?
True
Is 109725233 prime?
False
Is 4531598453 prime?
True
Is 4403044769 prime?
True
Is 29818213603 prime?
False
Is 10810933223 prime?
False
Is 215184433 a composite number?
False
Is 38087499741 a prime number?
False
Is 11330327677 a composite number?
True
Is 4669425853 composite?
True
Is 3258146483 a prime number?
False
Is 749224943 composite?
True
Is 1707448747 a prime number?
False
Is 29097375997 a composite number?
True
Is 10714471511 a composite number?
False
Is 1931935921 a composite number?
True
Is 843403903 a prime number?
True
Is 8738827009 composite?
True
Is 55866663823 prime?
False
Is 15214982785 a prime number?
False
Is 8317923709 a prime number?
True
Is 762990757 a composite number?
True
Is 2826950761 a prime number?
True
Is 166802173309 a composite number?
False
Is 30463557547 a prime number?
True
Is 4229396989 composite?
True
Is 12250417477 a prime number?
False
Is 84054661 a composite number?
True
Is 638633053 a composite number?
False
Is 308459748119 composite?
False
Is 803560523 prime?
False
Is 478616629 a prime number?
True
Is 7671378829 prime?
True
Is 4975521311 a prime number?
False
Is 2513100179 a prime number?
False
Is 50748497323 a composite number?
True
Is 104563206191 a prime number?
True
Is 1616926499 prime?
True
Is 398103733 prime?
True
Is 78466830167 a prime number?
False
Is 2427905411 composite?
False
Is 98461226757 prime?
False
Is 4037196521 a composite number?
True
Is 11970866021 composite?
False
Is 25061078387 composite?
True
Is 98555571683 prime?
True
Is 620425331 a prime number?
False
Is 3882289078 a composite number?
True
Is 2787006379 a composite number?
False
Is 5261655787 a composite number?
True
Is 27111803039 a composite number?
False
Is 28202038 composite?
True
Is 8825166619 prime?
False
Is 20733773309 prime?
False
Is 4174273867 prime?
False
Is 2028342917 a prime number?
True
Is 9107075987 composite?
True
Is 159711432089 a prime number?
False
Is 5563525199 a composite number?
False
Is 55253173247 prime?
True
Is 7724792161 a composite number?
True
Is 160055376994 prime?
False
Is 84991665061 a prime number?
True
Is 654855703 prime?
True
Is 228398399 a prime number?
True
Is 5691256969 prime?
False
Is 751580069 a prime number?
True
Is 642114593 composite?
False
Is 2990186407 a prime number?
False
Is 261039073 a prime number?
False
Is 15691600853 prime?
True
Is 780625555 a composite number?
True
Is 5069605459 a composite number?
True
Is 39098342 a composite number?
True
Is 1785460291 prime?
True
Is 91083778 prime?
False
Is 872733529 composite?
False
Is 10497425479 a composite number?
False
Is 100729631903 prime?
False
Is 862275614 prime?
False
Is 1578802963 prime?
True
Is 1318497227 composite?
True
Is 2669246897 prime?
False
Is 27180271411 a composite number?
False
Is 8348383 composite?
False
Is 17790515593 a prime number?
False
Is 9289184681 a composite number?
True
Is 1966649203 prime?
True
Is 57025383223 a composite number?
False
Is 9745915793 a prime number?
True
Is 3029468977 prime?
False
Is 168103703 a prime number?
False
Is 5614489571 a prime number?
False
Is 13772363843 prime?
False
Is 37777122037 a prime number?
False
Is 896343433 prime?
True
Is 729631163 a prime number?
False
Is 161013337 prime?
False
Is 93404661217 prime?
False
Is 191181751 a prime number?
False
Is 381335441 a composite number?
True
Is 33367974091 a composite number?
True
Is 99125237039 a composite number?
False
Is 654116737 prime?
True
Is 133677977987 a prime number?
True
Is 1090229051 composite?
False
Is 12145722223 a composite number?
False
Is 837563219 prime?
True
Is 15682640141 a composite number?
True
Is 5119009853 prime?
True
Is 1556182639 a prime number?
False
Is 179288093 a composite number?
False
Is 454537021 composite?
False
Is 4609384931 a prime number?
False
Is 60220327049 a composite number?
True
Is 165607038277 a prime number?
True
Is 1009135573 a prime number?
False
Is 76534461347 a prime number?
False
Is 3579314599 a prime number?
False
Is 3656693399 a prime number?
True
Is 62119583 a prime number?
True
Is 135347005291 a prime number?
True
Is 5376588263 composite?
True
Is 24914269753 prime?
False
Is 63757962155 prime?
False
Is 1429572239 prime?
False
Is 122290739 composite?
False
Is 22904982007 a prime number?
True
Is 58465338193 a prime number?
True
Is 4498628093 a prime number?
True
Is 61585445393 a composite number?
True
Is 117045779 prime?
False
Is 757767893 a composite number?
False
Is 286957357 composite?
True
Is 3951021073 prime?
False
Is 12511251479 a composite number?
False
Is 76566599063 a prime number?
False
Is 5767448497 a composite number?
True
Is 20923393471 composite?
True
Is 185381021919 composite?
True
Is 119293264697 a composite number?
False
Is 166275314 a composite number?
True
Is 88417774759 composite?
False
Is 141556391 composite?
False
Is 1727419891 prime?
True
Is 673949823 a prime number?
False
Is 121543934845 a prime number?
False
Is 1229706641 prime?
False
Is 3615864721 composite?
True
Is 10058451203 composite?
False
Is 9326693309 composite?
True
Is 19498675199 a prime number?
True
Is 29049389 a composite number?
False
Is 14305890101 prime?
False
Is 3514417169 a prime number?
True
Is 682217657 composite?
True
Is 162100111 composite?
True
Is 14683880357 a composite number?
False
Is 3298324807 a composite number?
True
Is 8156609 composite?
False
Is 10701594191 prime?
False
Is 30821021138 a composite number?
True
Is 2224719347 a composite number?
True
Is 6049368907 composite?
False
Is 10504309021 a prime number?
True
Is 74807461237 a prime number?
True
Is 314067551 a composite number?
True
Is 2551758029 composite?
True
Is 147577111 a prime number?
False
Is 116242187233 prime?
False
Is 40148855 a composite number?
True
Is 663238217 a composite number?
False
Is 6150043831 a prime number?
False
Is 396776525797 a prime number?
True
Is 478791319 prime?
False
Is 704557723 a composite number?
False
Is 1489438387 composite?
False
Is 119875150231 a prime number?
False
Is 54442771567 composite?
False
Is 8132712047 prime?
True
Is 7038905341 prime?
False
Is 16300945301 composite?
False
Is 384074947 composite?